ctor of 133321805 and 270685.
6295
Calculate the greatest common divisor of 429 and 2602197.
39
What is the greatest common divisor of 4382100 and 972?
324
What is the highest common divisor of 1537 and 1127616976?
1537
What is the highest common divisor of 214655455 and 210?
35
Calculate the greatest common factor of 65182 and 1054274.
598
Calculate the highest common divisor of 106016 and 3896.
8
Calculate the highest common factor of 9517758 and 11298.
1614
What is the greatest common factor of 733012 and 8190784?
1316
What is the greatest common divisor of 6657762 and 696?
174
Calculate the highest common factor of 9758 and 10268.
34
What is the greatest common factor of 176494977 and 81?
27
What is the highest common factor of 86062616 and 42446?
2234
Calculate the greatest common factor of 7090291 and 2495.
499
What is the highest common factor of 12512 and 9744893?
391
Calculate the highest common divisor of 4150 and 290230.
10
Calculate the greatest common divisor of 3515 and 466268265.
3515
Calculate the highest common divisor of 11576681 and 1132.
283
What is the greatest common divisor of 1865448 and 52?
52
What is the highest common factor of 861 and 324303?
21
What is the highest common factor of 158 and 72270148?
158
Calculate the highest common divisor of 209322 and 1732.
2
What is the greatest common divisor of 266 and 4085382?
14
What is the highest common factor of 586392 and 192072?
1272
What is the greatest common divisor of 3292 and 68826667?
823
Calculate the highest common divisor of 876 and 39132.
12
Calculate the highest common factor of 991851 and 33726.
1533
What is the greatest common factor of 2353 and 112480459?
2353
What is the greatest common factor of 3180441 and 2497?
11
What is the greatest common factor of 21131 and 109783229?
1921
Calculate the greatest common factor of 5433 and 69076973.
1811
Calculate the greatest common factor of 483 and 3527763.
69
What is the greatest common factor of 49959 and 915993?
117
What is the greatest common divisor of 302450 and 32200?
1150
Calculate the greatest common divisor of 17768 and 45128.
8
What is the highest common divisor of 4112704 and 54416?
2864
Calculate the highest common factor of 892556 and 23092.
1004
What is the greatest common factor of 1032 and 1236271328?
344
What is the highest common divisor of 1990 and 197904306?
398
What is the greatest common factor of 725333 and 7?
7
What is the highest common divisor of 4225 and 169425?
25
Calculate the highest common factor of 66356 and 25334.
106
Calculate the greatest common divisor of 48943580 and 580.
20
What is the greatest common divisor of 15920686 and 94?
94
Calculate the highest common factor of 2465 and 1317383.
29
What is the greatest common factor of 22 and 1927742?
2
Calculate the highest common divisor of 84 and 4045923.
21
Calculate the highest common divisor of 57457809 and 54.
27
Calculate the highest common divisor of 235 and 427136.
47
What is the highest common divisor of 1690 and 122885646?
338
What is the greatest common divisor of 12376 and 4747288?
728
What is the highest common factor of 3952149 and 3654?
87
Calculate the highest common divisor of 944308112 and 272.
272
Calculate the highest common factor of 67130320 and 5.
5
Calculate the greatest common factor of 564811987 and 4803.
1601
Calculate the greatest common divisor of 451 and 61303.
11
Calculate the highest common divisor of 48 and 684774144.
48
Calculate the highest common divisor of 40319085 and 111.
111
Calculate the highest common divisor of 1782 and 7862492.
22
What is the greatest common divisor of 380 and 240244968?
76
Calculate the greatest common factor of 60162 and 175158.
222
What is the greatest common factor of 532 and 535048227?
133
What is the greatest common divisor of 3108 and 10146738?
42
Calculate the highest common divisor of 56317501 and 437.
437
What is the greatest common divisor of 28480 and 1892318?
178
Calculate the greatest common divisor of 117300 and 62658900.
6900
What is the highest common divisor of 20 and 9586055?
5
Calculate the highest common divisor of 674801 and 100369.
29
What is the greatest common divisor of 745 and 241077977?
149
Calculate the highest common divisor of 248545 and 2464.
11
Calculate the highest common divisor of 2630 and 65860.
10
What is the highest common factor of 56 and 52694608?
8
What is the greatest common divisor of 205307466 and 182?
182
What is the greatest common factor of 355203 and 1283013?
549
What is the greatest common divisor of 253 and 107696626?
23
What is the greatest common factor of 7545676 and 2803?
2803
Calculate the greatest common factor of 931936 and 11872.
32
What is the greatest common divisor of 154 and 490196399?
77
Calculate the highest common factor of 161 and 11205968.
23
Calculate the highest common factor of 278685 and 102069.
99
What is the greatest common divisor of 1092672 and 29888?
64
What is the greatest common divisor of 120 and 415017384?
24
What is the highest common factor of 13014316 and 532?
532
Calculate the greatest common divisor of 54100875 and 12015.
1335
Calculate the highest common factor of 30438 and 15677172.
1602
What is the highest common divisor of 6959499 and 109271?
967
What is the highest common divisor of 31754876 and 4924?
4924
What is the greatest common factor of 160204 and 88708?
1324
Calculate the greatest common divisor of 176 and 1995168.
16
What is the greatest common factor of 6245 and 2741636185?
6245
Calculate the greatest common divisor of 10904 and 1692.
188
Calculate the greatest common divisor of 519784 and 354664.
344
Calculate the highest common factor of 255 and 637067010.
255
What is the highest common factor of 660020822 and 38?
38
What is the highest common divisor of 25928 and 38171572?
1852
What is the greatest common factor of 5264599 and 807?
269
Calculate the highest common divisor of 79940 and 81970.
70
Calculate the highest common factor of 342608192 and 188.
188
What is the highest common factor of 9235841 and 86?
43
What is the highest common factor of 907530 and 12740?
130
Calculate the highest common factor of 210162 and 1506.
6
Calculate the highest common factor of 26742527 and 3367.
259
What is the greatest common factor of 14481 and 13253333?
1609
Calculate the greatest common divisor of 3621523 and 2109.
37
Calculate the greatest common factor of 4680 and 1475110.
130
Calculate the highest common divisor of 6030 and 159316218.
1206
Calculate the greatest common factor of 15 and 9142965.
15
What is the highest common divisor of 12857 and 201072859?
559
Calculate the greatest common divisor of 866280 and 7160.
40
Calculate the greatest common divisor of 121 and 11899140.
121
Calculate the highest common factor of 19265456 and 1184.
592
What is the highest common factor of 3835 and 15748870?
295
What is the highest common factor of 1638 and 28886364?
234
What is the greatest common divisor of 1319520 and 168?
24
What is the highest common factor of 20963292 and 12516?
84
Calculate the greatest common divisor of 233656064 and 448.
64
Calculate the greatest common divisor of 633 and 17246507.
211
What is the highest common divisor of 23002 and 13503?
7
What is the greatest common factor of 47988 and 18504?
36
What is the highest common factor of 127711248 and 11319?
1029
Calculate the greatest common divisor of 57750 and 23034.
66
What is the highest common factor of 69 and 3251439?
3
What is the highest common factor of 39884830 and 383082?
2606
What is the highest common factor of 17 and 937395300?
17
Calculate the highest common factor of 7076646 and 972.
486
Calculate the highest common factor of 16620360 and 120.
120
Calculate the greatest common divisor of 1111 and 57848558.
101
Calculate the greatest common factor of 130 and 798388370.
130
What is the greatest common divisor of 33014 and 152150?
34
What is the highest common divisor of 1377 and 57473073?
153
What is the greatest common factor of 2182185 and 1420?
355
What is the highest common factor of 6695484 and 276?
276
What is the highest common factor of 222500 and 51000?
500
What is the highest common divisor of 416 and 2891608?
8
Calculate the highest common factor of 166472 and 24096.
8
Calculate the hig